3.
91
What is the remainder when 10323419 is divided by 72?
59
Calculate the remainder when 83093 is divided by 20720.
213
Calculate the remainder when 3081505 is divided by 19624.
537
Calculate the remainder when 592808 is divided by 2718.
284
Calculate the remainder when 45318088 is divided by 22659044.
0
What is the remainder when 1610410 is divided by 4461?
4450
What is the remainder when 131507 is divided by 1588?
1291
What is the remainder when 34572960 is divided by 1159?
1149
Calculate the remainder when 1326827502 is divided by 16.
14
Calculate the remainder when 56214 is divided by 8005.
179
Calculate the remainder when 319203 is divided by 4835.
93
Calculate the remainder when 1380582 is divided by 4897.
4525
What is the remainder when 100353 is divided by 2389?
15
Calculate the remainder when 2923294 is divided by 155.
149
Calculate the remainder when 1239483 is divided by 1904.
1883
What is the remainder when 12587372 is divided by 3272?
3260
What is the remainder when 69347 is divided by 4044?
599
What is the remainder when 3223500 is divided by 15423?
93
What is the remainder when 187492 is divided by 93721?
50
Calculate the remainder when 116528742 is divided by 38842910.
12
Calculate the remainder when 27630766 is divided by 99035.
1
What is the remainder when 5540278 is divided by 49029?
1
What is the remainder when 1645726 is divided by 2604?
2602
Calculate the remainder when 7764231 is divided by 2588071.
18
Calculate the remainder when 5814108 is divided by 4147.
14
What is the remainder when 2002660 is divided by 5738?
98
Calculate the remainder when 86721277 is divided by 4086.
13
What is the remainder when 208521 is divided by 4168?
121
Calculate the remainder when 2002310 is divided by 80092.
10
What is the remainder when 441369 is divided by 28?
5
What is the remainder when 1241027 is divided by 335?
187
What is the remainder when 163477 is divided by 5448?
37
Calculate the remainder when 961328 is divided by 766.
764
Calculate the remainder when 966275 is divided by 34456.
1507
What is the remainder when 7255459 is divided by 604620?
19
Calculate the remainder when 836790 is divided by 5616.
6
What is the remainder when 1975917 is divided by 493955?
97
Calculate the remainder when 1169593 is divided by 415.
123
Calculate the remainder when 81010 is divided by 125.
10
Calculate the remainder when 163687450 is divided by 150864.
10
Calculate the remainder when 45068776 is divided by 2.
0
What is the remainder when 195258 is divided by 948?
918
What is the remainder when 42666161 is divided by 6095165?
6
What is the remainder when 240252 is divided by 80054?
90
Calculate the remainder when 2397 is divided by 1905.
492
Calculate the remainder when 710313 is divided by 29552.
1065
Calculate the remainder when 12520324 is divided by 3077.
11
What is the remainder when 8848550 is divided by 2760?
2750
What is the remainder when 563970 is divided by 151?
136
Calculate the remainder when 634068 is divided by 2496.
84
What is the remainder when 1020027 is divided by 113328?
75
Calculate the remainder when 3932666 is divided by 1004.
1002
What is the remainder when 2730236 is divided by 546025?
111
What is the remainder when 135730483 is divided by 1159?
1152
What is the remainder when 891249 is divided by 182?
177
Calculate the remainder when 2356614 is divided by 2681.
15
Calculate the remainder when 313304 is divided by 104429.
17
What is the remainder when 5908599 is divided by 62?
61
Calculate the remainder when 175968367 is divided by 221.
211
What is the remainder when 10712225 is divided by 391?
389
What is the remainder when 3313457 is divided by 846?
521
What is the remainder when 20429 is divided by 172?
133
What is the remainder when 25427825 is divided by 283?
275
What is the remainder when 1946470 is divided by 3652?
3606
What is the remainder when 196961335 is divided by 4803935?
0
What is the remainder when 74726 is divided by 1116?
1070
Calculate the remainder when 389292 is divided by 726.
156
Calculate the remainder when 379732208 is divided by 715.
713
What is the remainder when 209491 is divided by 69829?
4
Calculate the remainder when 891502 is divided by 445516.
470
Calculate the remainder when 3131 is divided by 522.
521
Calculate the remainder when 32212 is divided by 6419.
117
Calculate the remainder when 1681031 is divided by 809.
738
What is the remainder when 56361032 is divided by 73?
68
Calculate the remainder when 146839 is divided by 18.
13
What is the remainder when 645034 is divided by 2380?
54
What is the remainder when 1034171 is divided by 33360?
11
What is the remainder when 210366054 is divided by 493?
489
Calculate the remainder when 1201747 is divided by 28.
15
Calculate the remainder when 76270 is divided by 7752.
6502
What is the remainder when 337176 is divided by 41735?
3296
What is the remainder when 4838624 is divided by 313?
270
Calculate the remainder when 33627 is divided by 33473.
154
What is the remainder when 345645607 is divided by 781?
780
Calculate the remainder when 1544040 is divided by 308184.
3120
What is the remainder when 1204374020 is divided by 3864?
3860
What is the remainder when 578365 is divided by 6152?
77
Calculate the remainder when 1179294 is divided by 299.
38
What is the remainder when 1936815 is divided by 4442?
103
What is the remainder when 13554216 is divided by 1007?
1003
What is the remainder when 4372684 is divided by 1093167?
16
Calculate the remainder when 300365 is divided by 2750.
615
Calculate the remainder when 3521384 is divided by 21086.
22
What is the remainder when 213196 is divided by 1882?
530
What is the remainder when 42675312 is divided by 77?
64
Calculate the remainder when 109296 is divided by 36413.
57
What is the remainder when 90339729 is divided by 86?
83
Calculate the remainder when 492553 is divided by 2527.
2315
Calculate the remainder when 443947 is divided by 459.
94
Calculate the remainder when 60375 is divided by 120.
15
What is the remainder when 141423 is divided by 47114?
81
What is the remainder when 25812269 is divided by 30?
29
Calculate the remainder when 1232282 is divided by 11515.
177
What is the remainder when 202158 is divided by 19?
17
What is the remainder when 6861265 is divided by 160?
145
What is the remainder when 3997222 is divided by 231?
229
Calculate the remainder when 9198 is divided by 1829.
53
What is the remainder when 3472101 is divided by 1157367?
0
What is the remainder when 5681143 is divided by 177?
151
Calculate the remainder when 13398 is divided by 105.
63
What is the remainder when 528322 is divided by 75438?
256
What is the remainder when 89008 is divided by 28982?
2062
Calculate the remainder when 6210606 is divided by 104.
38
Calculate the remainder when 171338 is divided by 796.
198
Calculate the remainder when 15096965 is divided by 232261.
0
Calculate the remainder when 41105081 is divided by 4567230.
11
What is the remainder when 14888970 is divided by 2939?
2935
What is the remainder when 235193 is divided by 26109?
212
Calculate the remainder when 9046955 is divided by 66.
5
Calculate the remainder when 55565916 is divided by 19.
17
What is the remainder when 481846 is divided by 674?
610
Calculate the remainder when 3326532 is divided by 831628.
20
What is the remainder when 57981606 is divided by 51?
12
What is the remainder when 5196506 is divided by 139?
130
What is the remainder when 8330287 is divided by 2776745?
52
Calculate the remainder when 703730 is divided by 2729.
2377
Calculate the remainder when 406578 is divided by 135523.
9
Calculate the remainder when 16552163 is divided by 8497.
7
What is the remainder when 78220 is divided by 1466?
522
What is the remainder when 34439 is divided by 33360?
1079
What is the remainder when 9723871 is divided by 9723862?
9
Calculate the remainder when 38866702 is divided by 26.
4
Calculate the remainder when 496380 is divided by 344.
332
What is the remainder when 2508954 is divided by 501520?
1354
What is the remainder when 3782415 is divided by 30?
15
Calculate the remainder when 6775186 is divided by 169379.
26
Calculate the remainder when 279378 is divided by 2310.
2178
Calculate the remainder when 25308898 is divided 